{"id":386,"date":"2021-06-09T08:32:34","date_gmt":"2021-06-09T08:32:34","guid":{"rendered":"https:\/\/www.cegfoundation.com\/?page_id=386"},"modified":"2021-06-09T08:34:23","modified_gmt":"2021-06-09T08:34:23","slug":"impressum","status":"publish","type":"page","link":"https:\/\/www.cegfoundation.com\/?page_id=386","title":{"rendered":"Impressum"},"content":{"rendered":"<p>[et_pb_section fb_built=&#8220;1&#8243; admin_label=&#8220;Video&#8220; _builder_version=&#8220;4.9.4&#8243; background_enable_color=&#8220;off&#8220; background_image=&#8220;https:\/\/www.cegfoundation.com\/wp-content\/uploads\/2021\/06\/pexels-run-ffwpu-2539281-scaled.jpg&#8220; parallax=&#8220;on&#8220; parallax_method=&#8220;off&#8220; custom_padding=&#8220;0|1px|0|0px|false|false&#8220; hover_enabled=&#8220;0&#8243; collapsed=&#8220;off&#8220; title_text=&#8220;pexels-run-ffwpu-2539281&#8243; sticky_enabled=&#8220;0&#8243;][et_pb_row _builder_version=&#8220;4.9.4&#8243; _module_preset=&#8220;default&#8220;][et_pb_column type=&#8220;4_4&#8243; _builder_version=&#8220;4.9.4&#8243; _module_preset=&#8220;default&#8220;][et_pb_text _builder_version=&#8220;4.9.4&#8243; text_font=&#8220;||||||||&#8220; text_line_height=&#8220;2em&#8220; header_font=&#8220;Faustina|600|||||||&#8220; header_text_color=&#8220;#FFFFFF&#8220; header_font_size=&#8220;60px&#8220; header_line_height=&#8220;1.3em&#8220; custom_margin=&#8220;100px||122px|||&#8220; hover_enabled=&#8220;0&#8243; header_font_size_tablet=&#8220;50px&#8220; header_font_size_phone=&#8220;40px&#8220; header_font_size_last_edited=&#8220;on|phone&#8220; inline_fonts=&#8220;Galada,Meddon&#8220; sticky_enabled=&#8220;0&#8243;]<\/p>\n<h1 style=\"text-align: center;\"><span style=\"font-family: Galada;\">Impressum<\/span><\/h1>\n<p>[\/et_pb_text][\/et_pb_column][\/et_pb_row][\/et_pb_section][et_pb_section fb_built=&#8220;1&#8243; _builder_version=&#8220;4.9.4&#8243; _module_preset=&#8220;default&#8220;][et_pb_row _builder_version=&#8220;4.9.4&#8243; _module_preset=&#8220;default&#8220;][et_pb_column type=&#8220;4_4&#8243; _builder_version=&#8220;4.9.4&#8243; _module_preset=&#8220;default&#8220;][et_pb_text _builder_version=&#8220;4.9.4&#8243; _module_preset=&#8220;default&#8220; hover_enabled=&#8220;0&#8243; sticky_enabled=&#8220;0&#8243;]<\/p>\n<h2 class=\"uk-heading-xlarge uk-margin-remove-bottom\"><span>KONTAKT<\/span><\/h2>\n<div class=\"uk-panel uk-margin uk-margin-remove-top uk-width-2xlarge uk-text-left\">\n<p><span>Children Empowerment Foundation<\/span><\/p>\n<p>Gr\u00fcnderin: Simona Deckers<br \/>Philipp-Fleck-Strasse 15<br \/>60486 Frankfurt a. M. \u2013 Deutschland<\/p>\n<p>Telefon: 069 \/ 95 86 27 25<br \/>Mobil: 0177 \/ 526 13 46<br \/>E-Mail:<span>\u00a0<\/span><a href=\"mailto:info@shanticompany.com\">info@shanticompany.com<\/a><\/p>\n<p>(Angaben gem\u00e4\u00df \u00a7 5 TMG)<\/p>\n<\/div>\n<h6 class=\"uk-heading-xlarge uk-margin-remove-bottom\"><span><\/span><\/h6>\n<h6 class=\"uk-heading-xlarge uk-margin-remove-bottom\"><span><\/span><\/h6>\n<h6 class=\"uk-heading-xlarge uk-margin-remove-bottom\"><span><\/span><\/h6>\n<h6 class=\"uk-heading-xlarge uk-margin-remove-bottom\"><span><\/span><\/h6>\n<h6 class=\"uk-heading-xlarge uk-margin-remove-bottom\"><span><\/span><\/h6>\n<h6 class=\"uk-heading-xlarge uk-margin-remove-bottom\"><span>HAFTUNGSAUSSCHLUSS (DISCLAIMER)<\/span><\/h6>\n<h6 class=\"uk-heading-small uk-margin-remove-top uk-margin-remove-bottom\"><span>HAFTUNG F\u00dcR INHALTE<\/span><\/h6>\n<div class=\"uk-panel uk-margin uk-margin-remove-top uk-width-2xlarge uk-text-left\">\n<p>Als Diensteanbieter sind wir gem\u00e4\u00df \u00a7 7 Abs.1 TMG f\u00fcr eigene Inhalte auf diesen Seiten nach den allgemeinen Gesetzen verantwortlich. Nach \u00a7\u00a7 8 bis 10 TMG sind wir als Diensteanbieter jedoch nicht verpflichtet, \u00fcbermittelte oder gespeicherte fremde Informationen zu \u00fcberwachen oder nach Umst\u00e4nden zu forschen, die auf eine rechtswidrige T\u00e4tigkeit hinweisen.<\/p>\n<p>Verpflichtungen zur Entfernung oder Sperrung der Nutzung von Informationen nach den allgemeinen Gesetzen bleiben hiervon unber\u00fchrt. Eine diesbez\u00fcgliche Haftung ist jedoch erst ab dem Zeitpunkt der Kenntnis einer konkreten Rechtsverletzung m\u00f6glich. Bei Bekanntwerden von entsprechenden Rechtsverletzungen werden wir diese Inhalte umgehend entfernen.<\/p>\n<\/div>\n<h6 class=\"uk-heading-small uk-margin-remove-top uk-margin-remove-bottom\"><span><\/span><\/h6>\n<h6 class=\"uk-heading-small uk-margin-remove-top uk-margin-remove-bottom\"><span><\/span><\/h6>\n<h6 class=\"uk-heading-small uk-margin-remove-top uk-margin-remove-bottom\"><span><\/span><\/h6>\n<h6 class=\"uk-heading-small uk-margin-remove-top uk-margin-remove-bottom\"><span>HAFTUNG F\u00dcR LINKS<\/span><\/h6>\n<div class=\"uk-panel uk-margin uk-margin-remove-top uk-width-2xlarge uk-text-left\">\n<p>Unser Angebot enth\u00e4lt Links zu externen Webseiten Dritter, auf deren Inhalte wir keinen Einfluss haben. Deshalb k\u00f6nnen wir f\u00fcr diese fremden Inhalte auch keine Gew\u00e4hr \u00fcbernehmen. F\u00fcr die Inhalte der verlinkten Seiten ist stets der jeweilige Anbieter oder Betreiber der Seiten verantwortlich. Die verlinkten Seiten wurden zum Zeitpunkt der Verlinkung auf m\u00f6gliche Rechtsverst\u00f6\u00dfe \u00fcberpr\u00fcft. Rechtswidrige Inhalte waren zum Zeitpunkt der Verlinkung nicht erkennbar.<\/p>\n<p>Eine permanente inhaltliche Kontrolle der verlinkten Seiten ist jedoch ohne konkrete Anhaltspunkte einer Rechtsverletzung nicht zumutbar. Bei Bekanntwerden von Rechtsverletzungen werden wir derartige Links umgehend entfernen.<\/p>\n<\/div>\n<h6 class=\"uk-heading-small uk-margin-remove-top uk-margin-remove-bottom\"><span><\/span><\/h6>\n<h6 class=\"uk-heading-small uk-margin-remove-top uk-margin-remove-bottom\"><span><\/span><\/h6>\n<h6 class=\"uk-heading-small uk-margin-remove-top uk-margin-remove-bottom\"><span><\/span><\/h6>\n<h6 class=\"uk-heading-small uk-margin-remove-top uk-margin-remove-bottom\"><span><\/span><\/h6>\n<h6 class=\"uk-heading-small uk-margin-remove-top uk-margin-remove-bottom\"><span>URHEBERRECHT<\/span><\/h6>\n<div class=\"uk-panel uk-margin uk-margin-remove-top uk-width-2xlarge uk-text-left\">\n<p>Die durch die Seitenbetreiber erstellten Inhalte und Werke auf diesen Seiten unterliegen dem deutschen Urheberrecht. Die Vervielf\u00e4ltigung, Bearbeitung, Verbreitung und jede Art der Verwertung au\u00dferhalb der Grenzen des Urheberrechtes bed\u00fcrfen der schriftlichen Zustimmung des jeweiligen Autors bzw. Erstellers. Downloads und Kopien dieser Seite sind nur f\u00fcr den privaten, nicht kommerziellen Gebrauch gestattet.<\/p>\n<p>Soweit die Inhalte auf dieser Seite nicht vom Betreiber erstellt wurden, werden die Urheberrechte Dritter beachtet. Insbesondere werden Inhalte Dritter als solche gekennzeichnet. Sollten Sie trotzdem auf eine Urheberrechtsverletzung aufmerksam werden, bitten wir um einen entsprechenden Hinweis. Bei Bekanntwerden von Rechtsverletzungen werden wir derartige Inhalte umgehend entfernen.<\/p>\n<p>&nbsp;<\/p>\n<p><strong>Hinweis auf EU-Streitschlichtung<br \/><\/strong>Die Europ\u00e4ische Kommission stellt eine Plattform zur Online-Streitbeilegung (OS) bereit:<span>\u00a0<\/span><a href=\"http:\/\/ec.europa.eu\/consumers\/odr\" target=\"_blank\" rel=\"noopener\">http:\/\/ec.europa.eu\/consumers\/odr<\/a><br \/>Unsere E-Mail-Adresse finden sie oben im Impressum.<\/p>\n<\/div>\n<p>&nbsp;<\/p>\n<p>[\/et_pb_text][\/et_pb_column][\/et_pb_row][\/et_pb_section]<\/p>\n","protected":false},"excerpt":{"rendered":"<p>[et_pb_section fb_built=&#8220;1&#8243; admin_label=&#8220;Video&#8220; _builder_version=&#8220;4.9.4&#8243; background_enable_color=&#8220;off&#8220; background_image=&#8220;https:\/\/www.cegfoundation.com\/wp-content\/uploads\/2021\/06\/pexels-run-ffwpu-2539281-scaled.jpg&#8220; parallax=&#8220;on&#8220; parallax_method=&#8220;off&#8220; custom_padding=&#8220;0|1px|0|0px|false|false&#8220; hover_enabled=&#8220;0&#8243; collapsed=&#8220;off&#8220; title_text=&#8220;pexels-run-ffwpu-2539281&#8243; sticky_enabled=&#8220;0&#8243;][et_pb_row _builder_version=&#8220;4.9.4&#8243; _module_preset=&#8220;default&#8220;][et_pb_column type=&#8220;4_4&#8243; _builder_version=&#8220;4.9.4&#8243; _module_preset=&#8220;default&#8220;][et_pb_text _builder_version=&#8220;4.9.4&#8243; text_font=&#8220;||||||||&#8220; text_line_height=&#8220;2em&#8220; header_font=&#8220;Faustina|600|||||||&#8220; header_text_color=&#8220;#FFFFFF&#8220; header_font_size=&#8220;60px&#8220; header_line_height=&#8220;1.3em&#8220; custom_margin=&#8220;100px||122px|||&#8220; hover_enabled=&#8220;0&#8243; header_font_size_tablet=&#8220;50px&#8220; header_font_size_phone=&#8220;40px&#8220; header_font_size_last_edited=&#8220;on|phone&#8220; inline_fonts=&#8220;Galada,Meddon&#8220; sticky_enabled=&#8220;0&#8243;] Impressum [\/et_pb_text][\/et_pb_column][\/et_pb_row][\/et_pb_section][et_pb_section fb_built=&#8220;1&#8243; _builder_version=&#8220;4.9.4&#8243; _module_preset=&#8220;default&#8220;][et_pb_row _builder_version=&#8220;4.9.4&#8243; _module_preset=&#8220;default&#8220;][et_pb_column type=&#8220;4_4&#8243; _builder_version=&#8220;4.9.4&#8243; _module_preset=&#8220;default&#8220;][et_pb_text _builder_version=&#8220;4.9.4&#8243; _module_preset=&#8220;default&#8220; hover_enabled=&#8220;0&#8243; sticky_enabled=&#8220;0&#8243;] KONTAKT Children Empowerment Foundation Gr\u00fcnderin: Simona DeckersPhilipp-Fleck-Strasse 1560486 Frankfurt [&hellip;]<\/p>\n","protected":false},"author":1,"featured_media":0,"parent":0,"menu_order":0,"comment_status":"closed","ping_status":"closed","template":"","meta":{"_et_pb_use_builder":"on","_et_pb_old_content":"","_et_gb_content_width":""},"_links":{"self":[{"href":"https:\/\/www.cegfoundation.com\/index.php?rest_route=\/wp\/v2\/pages\/386"}],"collection":[{"href":"https:\/\/www.cegfoundation.com\/index.php?rest_route=\/wp\/v2\/pages"}],"about":[{"href":"https:\/\/www.cegfoundation.com\/index.php?rest_route=\/wp\/v2\/types\/page"}],"author":[{"embeddable":true,"href":"https:\/\/www.cegfoundation.com\/index.php?rest_route=\/wp\/v2\/users\/1"}],"replies":[{"embeddable":true,"href":"https:\/\/www.cegfoundation.com\/index.php?rest_route=%2Fwp%2Fv2%2Fcomments&post=386"}],"version-history":[{"count":3,"href":"https:\/\/www.cegfoundation.com\/index.php?rest_route=\/wp\/v2\/pages\/386\/revisions"}],"predecessor-version":[{"id":392,"href":"https:\/\/www.cegfoundation.com\/index.php?rest_route=\/wp\/v2\/pages\/386\/revisions\/392"}],"wp:attachment":[{"href":"https:\/\/www.cegfoundation.com\/index.php?rest_route=%2Fwp%2Fv2%2Fmedia&parent=386"}],"curies":[{"name":"wp","href":"https:\/\/api.w.org\/{rel}","templated":true}]}}